713281 (base 9) in base 10?
-13708351
What is -31115 (base 6) in base 12?
-249b
What is 130312 (base 5) in base 3?
20222020
What is 1010213340 (base 5) in base 16?
1f1b43
Convert -26457b (base 13) to base 8.
-3414047
What is ba74a (base 13) in base 8?
1222752
1070801 (base 9) to base 12
23a601
-199402 (base 10) to base 9
-333467
Convert 2231320312 (base 4) to base 15.
e1081
What is -23422551 (base 6) in base 12?
-2b4a57
-1038422 (base 11) to base 14
-357984
Convert 1040221303 (base 6) to base 8.
52622047
-21131220 (base 5) to base 10
-177060
What is 57a8a (base 12) in base 5?
12223242
What is 60665032 (base 7) in base 9?
10458541
What is 2102366 (base 7) in base 8?
756072
Convert 1555153 (base 7) to base 15.
43cb1
Convert -1122134200 (base 5) to base 7.
-30363630
Convert -34121304 (base 5) to base 9.
-508458
What is -1b6b76 (base 14) in base 9?
-1752085
Convert 10052607 (base 8) to base 9.
3878706
Convert -1343527 (base 8) to base 15.
-77326
-35b6b5 (base 12) to base 13
-246104
What is 303144133 (base 6) in base 5?
2312131242
-6485147 (base 10) to base 8
-30572233
Convert -13255085 (base 10) to base 2.
-110010100100000110101101
What is 16046264 (base 9) in base 6?
443304221
Convert -660857 (base 9) to base 10.
-394360
-37b9dc (base 16) to base 11
-2074935
Convert 1667d (base 16) to base 5.
10414043
What is -100113144 (base 5) in base 8?
-1403057
Convert 4a85f (base 16) to base 15.
6069c
Convert 3628 (base 9) to base 11.
2034
What is 433553 (base 7) in base 6?
1342355
-1b5165 (base 12) to base 15
-98e0e
685321 (base 11) to base 8
4121653
-37235347 (base 8) to base 14
-1138cbd
Convert 24956 (base 12) to base 6.
1022150
Convert -851773 (base 9) to base 5.
-112202214
2133030332 (base 4) to base 16
9f33e
What is 2130012223 (base 4) in base 2?
10011100000110101011
Convert 33987 (base 13) to base 7.
540531
31521355 (base 6) to base 3
1202011101022
Convert -46a57 (base 16) to base 15.
-5ab12
What is -1d780 (base 16) in base 14?
-31dba
What is -3773357 (base 8) in base 10?
-1046255
-100001111000100010 (base 2) to base 10
-138786
Convert 10012023 (base 4) to base 8.
40613
What is -569872 (base 15) in base 3?
-21202222021122
What is 60b80c (base 13) in base 4?
20212013221
What is -358702 (base 10) in base 12?
-1536ba
Convert -22504224 (base 6) to base 10.
-693016
What is 243ed0 (base 16) in base 13?
652263
What is ca5005 (base 14) in base 9?
13802771
What is -15324160 (base 7) in base 4?
-11212200322
Convert 116837 (base 12) to base 13.
9ac66
-82339 (base 10) to base 16
-141a3
What is 2038347 (base 11) in base 14?
699399
What is 131132332 (base 5) in base 14?
12b5a7
-100010010011000000110 (base 2) to base 5
-241430341
33252024 (base 6) to base 4
3310230100
What is -9b541 (base 14) in base 11?
-238246
What is -15225622 (base 8) in base 13?
-950093
Convert -430625 (base 7) to base 15.
-1722e
What is 3494a4 (base 14) in base 5?
424332020
2535711 (base 8) to base 5
140002213
What is 117364 (base 8) in base 9?
61733
What is -1101110111010110101 (base 2) in base 10?
-454325
661343 (base 7) to base 3
12212210202
What is -4214334 (base 6) in base 2?
-110001111010110010
Convert 25001 (base 9) to base 4.
10012000
What is -33b03e (base 15) in base 14?
-483196
What is 10110010010010011 (base 2) in base 11?
62645
What is 21202012222 (base 3) in base 4?
211033022
What is 101102012011102 (base 3) in base 14?
a4102b
What is -22b79 (base 13) in base 15?
-13c1a
26a65e (base 15) to base 2
111000101100010011001
What is -7121 (base 8) in base 7?
-13454
Convert 22956a (base 13) to base 6.
25330114
Convert 202422 (base 8) to base 6.
1233230
Convert -174687 (base 9) to base 11.
-74538
Convert 1a55 (base 14) to base 6.
34043
What is -155481 (base 9) in base 5?
-11032041
Convert -8096 (base 12) to base 5.
-421223
Convert -12042160 (base 9) to base 11.
-3351a97
What is -15991 (base 13) in base 12?
-1ba01
What is 110010110111110101 (base 2) in base 11?
132610
What is 3753 (base 10) in base 3?
12011000
Convert 82234 (base 15) to base 5.
101142444
-331024313 (base 6) to base 15
-7c1a90
What is 59224 (base 13) in base 16?
27c82
-319ab (base 13) to base 14
-248bc
What is 2161971 (base 10) in base 7?
24243060
Convert 29cdb9 (base 14) to base 10.
1457031
What is 40213230 (base 5) in base 2?
1001110000101000111
1220001020 (base 3) to base 6
444140
What is -218ac6 (base 13) in base 6?
-24540023
-101110201020 (base 3) to base 2
-110010010100010001
1031031513 (base 6) to base 12
380b599
What is -226010 (base 7) in base 11?
-28461
Convert -4c6e6 (base 15) to base 2.
-111011101101010110
Convert a751b (base 13) to base 15.
5e68d
Convert 2311113131 (base 4) to base 10.
742877
Convert 1acb69 (base 14) to base 8.
3515351
-72252460 (base 8) to base 10
-15291696
64a43 (base 12) to base 15
29549
Convert 102000212220 (base 3) to base 5.
23422113
51547 (base 10) to base 13
1a602
Convert 2775910 (base 10) to base 2.
1010100101101101100110
What is -101207 (base 9) in base 14?
-17bbd
Convert -1010101001000011010 (base 2) to base 8.
-1251032
Convert 233112412 (base 5) to base 11.
6693a3
Convert -115ae9 (base 15) to base 11.
-51710a
11000000000100111 (base 2) to base 14
27ba7
-100020222120010 (base 3) to base 15
-672d89
What is c50b30 (base 13) in base 11?
2662238
-587582 (base 11) to base 7
-10632232
-1b1280 (base 12) to base 5
-110312130
What is -350130 (base 15) in base 3?
-11202121121000
Convert -41303134 (base 6) to base 9.
-2213864
20204400 (base 5) to base 2
100111110100011100
What is -175402 (base 10) in base 15?
-36e87
What is -680073 (base 9) in base 6?
-12415320
What is 1081110 (base 12) in base 6?
151332420
23322032 (base 5) to base 16
34401
105902 (base 13) to base 15
78abb
What is -100a7a (base 13) in base 9?
-627687
What is 282635 (base 11) in base 7?
3522354
3175a (base 14) to base 2
11101001010010100
60514 (base 8) to base 10
24908
15772 (base 9) to base 5
321323
-1431411 (base 6) to base 8
-240137
Convert -23365 (base 11) to base 5.
-2034314
-2d (base 16) to base 4
-231
1020113331 (base 4) to base 3
120001122110
Convert 245165 (base 10) to base 16.
3bdad
85380 (base 15) to base 2
1100111001100001110
-35027 (base 15) to base 6
-3341231
-2155010 (base 7) to base 8
-1007150
What is -1100001111101 (base 2) in base 15?
-1cce
12200012201 (base 3) to base 12
54777
48a771 (base 11) to base 4
2331112033
Convert 184b56 (base 15) to base 3.
2012222020200
Convert 51848b (base 12) to base 11.
7a4264
-722330 (base 8) to base 9
-403522
What is 40416 (base 10) in base 6?
511040
2121210 (base 4) to base 3
111111000
What is 101054 (base 9) in base 13?
21301
Convert 12203102321 (base 4) to base 3.
10020020212122
Convert -33201233 (base 4) to base 14.
-1926b
13313003012 (base 4) to base 5
1011413421
Convert -842d4 (base 15) to base 14.
-aca73
101101020 (base 4) to base 16
11448
Convert 4042102 (base 6) to base 2.
101110111100010110
What is -1800573 (base 11) in base 2?
-1011101011001110101110
What is -476047 (base 8) in base 5?
-20202410
-101956 (base 10) to base 14
-29228
Convert 11110011002 (base 3) to base 4.
111120212
Convert -100101101010111010000010 (base 2) to base 8.
-45527202
Convert -11101220221 (base 3) to base 13.
-305cb
-db1f (base 16) to base 10
-56095
Convert -1beb30 (base 15) to base 7.
-14416365
What is 3538ba5 (base 12) in base 6?
1004155525
-2144111 (base 5) to base 13
-14045
Convert 13cb6 (base 14) to base 6.
1015332
-1b07209 (base 12) to base 10
-5735529
Convert 10001211220102 (base 3) to base 6.
54541315
Convert -410021 (base 9) to base 12.
-b85b4
What is 121310112 (base 5) in base 16?
8bc74
-1010110011111000101000 (base 2) to base 12
-b48034
What is 640645 (base 7) in base 13?
3b560
Convert a773 (base 15) to base 14.
ccad
303211341 (base 5) to base 14
23ca46
Convert 122123001310 (base 4) to base 16.
69b074
Convert -429dc (base 15) to base 11.
-134987
What is -120221302 (base 4) in base 5?
-11212403
Convert -82555 (base 11) to base 13.
-42a9a
Convert -444506 (base 7) to base 15.
-183a5
Convert -96950 (base 11) to base 7.
-1124533
What is -324443 (base 7) in base 13?
-1cb2c
What is 11a690 (base 15) in base 9?
1527400
What is 111011011100010111101 (base 2) in base 5?
444312322
Convert 30453332 (base 6) to base 15.
1252e8
What is 11211021221022 (base 3) in base 4?
21302013200
What is 1